14
Let y = 254 + -255. What is the remainder when (y*1)/(25/(-100))*7 is divided by 15?
13
Let c(j) = 8*j**2 - 34*j - 655. Calculate the remainder when c(-13) is divided by 372.
23
Calculate the remainder when (-80)/(-100) - 12705/(-25) is divided by 127.
1
Suppose -1073 = -28*x - 485. What is the remainder when x is divided by 4?
1
Let q = -3820 + 3921. What is the remainder when 293 is divided by q?
91
Calculate the remainder when ((-6246)/12)/((-21)/14) is divided by 25.
22
Suppose 5 + 29 = 2*d - 4*m, -3*d + 5*m = -51. Let h(j) = 16*j**2 + 1699*j + 6794. What is the remainder when h(-4) is divided by d?
16
Let h(b) = 2*b**3 - 32*b**2 - 30*b - 14. Suppose 0 = z - 4*z + p + 47, 0 = -5*z + 3*p + 73. What is the remainder when h(z) is divided by 15?
9
Let r(g) = -12*g**2 + 2*g + 362. What is the remainder when r(0) is divided by 46?
40
Let g(d) = -5*d**2 - 9*d + 3. Let w be g(5). Let y = w + 194. Calculate the remainder when 80 is divided by y.
26
Let m = -24 + 68. Let p = 80 - m. Let c = -17 + p. What is the remainder when 33 is divided by c?
14
Let d = 3871 + -3769. What is the remainder when 137 is divided by d?
35
Let k(y) = 85 + 2 - y**2 - 4 + 2*y**2. Let l(j) = -j**3 + 118*j**2 + 83*j + 4306. Calculate the remainder when k(0) is divided by l(119).
17
What is the remainder when 1058 is divided by (-24)/30 - (-5345)/25?
206
Suppose 0 = 2*w + 28*c - 30*c - 16, -5*w + 30 = 5*c. Calculate the remainder when 5/15 + (-98)/(-3) is divided by w.
5
Let n = 87 - -574. Calculate the remainder when n is divided by 17.
15
Let g = 5179 + -4947. Calculate the remainder when 921 is divided by g.
225
Let b = -785 - -810. Calculate the remainder when 136 is divided by b.
11
Suppose -30*q + 1176 = -4*q + 2*q. Calculate the remainder when 1330 is divided by q.
28
Let h(i) = -8*i**3 - 9*i**2 - 26*i + 1. Calculate the remainder when h(-4) is divided by 35.
18
Let j(y) = -10*y - 6. What is the remainder when j(-6) is divided by ((-3 - -4) + 32)/(6 - 3)?
10
What is the remainder when 6 + -1 + (-79 - -790) is divided by 15?
11
Let i = -15 + 31. Let x(a) = -23*a - 24. Let g = 50 + -53. Calculate the remainder when x(g) is divided by i.
13
Let u be -2*(-3)/(-14) - 621116/868. Let g = 779 + u. Calculate the remainder when 137 is divided by g.
11
Let y be 0 - -3 - 5 - -11. Suppose -13*t + y*t = -12. Calculate the remainder when ((-12)/(-10))/(64/2080) is divided by t.
0
Calculate the remainder when 1795 is divided by 1/(-2)*-4 - 25/(400/(-352)).
19
Suppose -3*a = 162 + 30. Let j = -64 - a. Let l(m) = 4*m + 106. Calculate the remainder when l(j) is divided by 27.
25
Let h(y) = 9*y - 70. Suppose 0 = 5*r - 39 - 6. Calculate the remainder when 40 is divided by h(r).
7
Let c(m) = m**2 + 27*m - 17. Let n be c(-28). Let p(k) = k**3 - 12*k**2 + 12*k + 5. Calculate the remainder when p(n) is divided by 11.
5
Suppose -104 = 19*n - 598. Calculate the remainder when 73 - (0 - 1)*4 is divided by n.
25
Suppose 321*q = 338*q - 340. What is the remainder when q is divided by 8?
4
Let u(i) be the second derivative of -5*i**4/12 + 8*i**3 - 17*i**2 - 26*i - 2. Let w = -24 + 44. What is the remainder when u(7) is divided by w?
17
Suppose 0 = -90*v + 32*v + 20242. Calculate the remainder when 1065 is divided by v.
18
Suppose 4*q + 97 = 121. Suppose -q*w + 69 = -51. Let l = 59 + 17. Calculate the remainder when l is divided by w.
16
Suppose -q - 7*f = -31, 2*q + 33 = -3*f + 128. What is the remainder when 951 is divided by q?
15
Suppose j - 51 = -2*j + 3*m, 4*j = -m + 48. Suppose -3*p - 27 = 2*a, -3*a + 13 + j = -5*p. What is the remainder when 69 - ((-7)/p)/(2/(-4)) is divided by 18?
17
Let x = 9183 - 9135. What is the remainder when 2446 is divided by x?
46
Let c = -1057 + 4411. Suppose -c = -13*d - 13*d. Calculate the remainder when d is divided by 26.
25
Suppose -6*v = 65 - 209. Let l(p) = -17*p**3 - 5*p**2 - 7*p + 2. What is the remainder when l(-2) is divided by v?
12
Suppose -4*v - 72 = l, -59 = 5*l + 3*v + 318. Let j = l - -117. Let s = -22 + j. What is the remainder when s is divided by 4?
3
Suppose 2*w - 528 = -3*f, 10*f = 13*f + w - 525. Calculate the remainder when 519 is divided by f.
171
Suppose 12*i = 13*i - 2. Suppose -i*j + 6*c = c - 154, 3*c + 146 = 2*j. Suppose 5*d - j = 78. What is the remainder when 55 is divided by d?
26
Suppose 2 = v, -5 = 2*y - 2*v - 1. What is the remainder when 610 is divided by y + 4 - -2 - (-48)/8?
10
Suppose 4*j + 3*f - 672 = 0, -158 = -j - 5*f + 27. Let m = -151 + j. What is the remainder when 46 is divided by m?
4
Suppose 5*p - 52 = -4*i, 42 = 5*p - 4*i + 14. Suppose -p = 8*f + 8. Let a = 46 + f. What is the remainder when 85 is divided by a?
41
Calculate the remainder when (-52)/(-12) - 5 - 6644/(-12) is divided by 538.
15
Let k(o) be the first derivative of 2*o**3/3 + 23*o**2/2 + 14*o + 1130. Let c = -7 + -4. What is the remainder when 10 is divided by k(c)?
1
Calculate the remainder when (122/(-4880))/(1/(-8))*2605 is divided by 303.
218
Let w = 124 - 57. Let d(j) = j**2 + 6*j - 21. Suppose 5*q = 3*x - 13 - 49, 5*q + 38 = -3*x. What is the remainder when w is divided by d(q)?
10
Suppose -c + 16*v = 13*v - 103, -5*c - 2*v + 600 = 0. Suppose 4*f - 9 = r + 49, -3*f + 35 = -5*r. Calculate the remainder when c is divided by f.
13
Let i(d) = 97*d**2 - 1. Suppose 3*r + 22*r + 9675 = 0. Let o = -367 - r. What is the remainder when i(1) is divided by o?
16
What is the remainder when 20/6 + (-8)/(-12) - (-45 + -126) is divided by 91?
84
Calculate the remainder when 151/2 - 160/(-320) is divided by 21.
13
Let a(u) = -u**2 + u. Let b(m) = m**3 + 29*m**2 + 39*m + 44. Let y(k) = -6*a(k) + b(k). Calculate the remainder when y(-34) is divided by 4.
2
Let d = 15 + 11. Let r be (-8 + 77)*((7 - 2) + -4). Let m = 117 - r. What is the remainder when m is divided by d?
22
Suppose -k = -2, w + 7*k - 69 - 266 = 0. What is the remainder when 650 is divided by w?
8
Suppose 13 = 19*d - 15*d + a, 5 = 5*a. Suppose -b = 3*w - 138, -2*w - 4*b - 33 = -d*w. Calculate the remainder when w is divided by (-23)/(-3) - (-2)/6.
5
Suppose p = -p - x + 1897, -p + 959 = -3*x. Calculate the remainder when 4/18 + p/18 is divided by 35.
18
Let b = -9 - -11. Suppose -3*g + 4*c = c - 81, -39 = -b*g + 5*c. Let y(j) = 2*j**2 + 4. Calculate the remainder when g is divided by y(-2).
8
Let o = 13 - 12. Let j be 12/54*9 - o*-2. Suppose -210 = -10*h - j*h. Calculate the remainder when 103 is divided by h.
13
Let q = 26 - 12. Let j = q + 11. What is the remainder when j/10*84/10 is divided by 11?
10
Suppose 31*c - 189 + 34 = 0. Let h(w) = 215*w + 1. Let f be h(1). Suppose 11*l = 8*l + f. Calculate the remainder when l is divided by c.
2
Suppose -35*g + 155*g - 116625 = -255*g. Suppose -12 = -4*i, -2*z - 2*i + 31 = 1. Calculate the remainder when g is divided by z.
11
Let j(b) = 10*b**2 - 11*b - 20. Let s be j(-2). Suppose 24 = -40*v + s*v + 3*z, -3*z = 0. What is the remainder when v is divided by 12?
0
Let r(o) = 15*o**2 - 6*o - 7. Let q = 173 + -104. Let h = 67 - q. What is the remainder when r(h) is divided by 17?
14
Let v = 15977 + -15973. Let a = 25 + -12. What is the remainder when a is divided by v?
1
Let l be 3*(-3)/54 + 239/(-6). Let m = 81 + l. Suppose -5*g + 121 = m. Calculate the remainder when 31 is divided by g.
15
Let u = 52 + 10. Suppose -3*s = 3*h - 0*h - 54, 0 = 3*s + h - u. What is the remainder when 20/(-12) + (-188)/(-3) is divided by s?
17
Suppose 21*v + 11467 = 25564 + 33321. What is the remainder when v is divided by 19?
16
Let y(h) = -16*h. Let s be y(-5). Let g = 82 + s. Suppose -2*p + i + 120 = p, 202 = 5*p - i. Calculate the remainder when g is divided by p.
39
What is the remainder when (-16)/(192/(-9)) - 337635/(-12) is divided by 22?
21
Let v be 1/(-15) - (-267808)/(-480). Let m = v + 646. Calculate the remainder when m is divided by 6.
4
Suppose -11039 = 2434*u - 2439*u - c, 0 = -4*u - c + 8830. Calculate the remainder when u is divided by 34.
33
Suppose 3*u + 196 - 865 = 2*g, -2*u + 462 = 4*g. Suppose 309 = 7*j + u. Calculate the remainder when (-2)/(-9) - 718/(-9) is divided by j.
8
Let w(s) = -s**3 + 29*s**2 - 47*s + 2343. Calculate the remainder when 2 - -6*85/2 is divided by w(30).
26
Let v = 22575 - 22476. What is the remainder when 9402 is divided by